hat is the highest common factor of 57 and 1064?
19
Calculate the highest common factor of 12 and 132.
12
What is the greatest common factor of 12 and 68?
4
What is the greatest common divisor of 418 and 152?
38
Calculate the greatest common divisor of 70 and 1302.
14
What is the highest common factor of 1 and 17?
1
What is the greatest common divisor of 1274 and 13?
13
Calculate the highest common divisor of 16 and 100.
4
Calculate the greatest common divisor of 137 and 3.
1
Calculate the highest common divisor of 11744 and 32.
32
Calculate the greatest common factor of 425 and 2635.
85
What is the highest common divisor of 90 and 585?
45
What is the highest common factor of 2139 and 186?
93
What is the highest common divisor of 168 and 24?
24
What is the highest common divisor of 336 and 1596?
84
What is the highest common factor of 62 and 4?
2
What is the highest common factor of 608 and 2048?
32
Calculate the greatest common factor of 469 and 737.
67
What is the highest common factor of 598 and 299?
299
Calculate the highest common factor of 169 and 13.
13
Calculate the highest common factor of 665 and 380.
95
Calculate the highest common divisor of 141 and 658.
47
What is the highest common divisor of 18 and 18?
18
Calculate the highest common factor of 172 and 2494.
86
What is the highest common divisor of 60 and 1380?
60
What is the greatest common factor of 89 and 178?
89
What is the highest common divisor of 10899 and 63?
63
Calculate the greatest common divisor of 884 and 156.
52
What is the greatest common factor of 912 and 32?
16
What is the highest common divisor of 70 and 238?
14
What is the highest common divisor of 12 and 210?
6
What is the greatest common factor of 4192 and 131?
131
Calculate the greatest common divisor of 140 and 175.
35
What is the greatest common factor of 81 and 297?
27
Calculate the greatest common factor of 384 and 7232.
64
What is the greatest common factor of 700 and 364?
28
What is the highest common factor of 389 and 1?
1
Calculate the greatest common divisor of 6558 and 3.
3
What is the highest common factor of 885 and 118?
59
What is the highest common divisor of 9956 and 38?
38
What is the highest common factor of 57 and 323?
19
What is the greatest common divisor of 140 and 210?
70
Calculate the greatest common factor of 30 and 75.
15
What is the greatest common factor of 86 and 4?
2
Calculate the greatest common divisor of 6057 and 81.
9
Calculate the highest common factor of 3 and 141.
3
What is the greatest common factor of 600 and 75?
75
Calculate the highest common divisor of 28 and 12.
4
Calculate the highest common factor of 7 and 56.
7
Calculate the greatest common divisor of 512 and 12928.
128
What is the highest common factor of 96 and 568?
8
What is the highest common factor of 28 and 490?
14
Calculate the greatest common divisor of 25 and 29075.
25
Calculate the highest common factor of 10 and 51470.
10
Calculate the highest common factor of 800 and 32.
32
What is the highest common divisor of 1148 and 56?
28
What is the highest common divisor of 12 and 52?
4
What is the highest common factor of 779 and 494?
19
Calculate the highest common factor of 24 and 31404.
12
What is the highest common factor of 216 and 1416?
24
What is the highest common factor of 108 and 16?
4
Calculate the greatest common factor of 345 and 138.
69
Calculate the highest common divisor of 16 and 208.
16
What is the greatest common divisor of 70 and 210?
70
Calculate the highest common factor of 46275 and 25.
25
Calculate the highest common divisor of 70 and 14.
14
Calculate the greatest common factor of 18 and 822.
6
Calculate the greatest common factor of 470 and 570.
10
Calculate the highest common divisor of 134 and 1139.
67
Calculate the greatest common divisor of 277 and 20221.
277
Calculate the highest common factor of 39 and 156.
39
What is the highest common divisor of 40 and 5?
5
Calculate the highest common factor of 51 and 5219.
17
What is the highest common factor of 2376 and 11?
11
Calculate the greatest common factor of 210 and 150.
30
What is the greatest common factor of 16 and 976?
16
What is the greatest common factor of 344 and 2924?
172
Calculate the greatest common factor of 851 and 23.
23
What is the greatest common factor of 1568 and 304?
16
Calculate the highest common factor of 128 and 128.
128
What is the greatest common divisor of 371 and 6413?
53
Calculate the highest common factor of 1358 and 28.
14
What is the highest common factor of 224 and 24?
8
What is the highest common divisor of 40 and 6280?
40
What is the highest common divisor of 372 and 93?
93
What is the greatest common divisor of 90 and 4110?
30
Calculate the highest common divisor of 966 and 46.
46
What is the highest common divisor of 320 and 40?
40
What is the greatest common factor of 1406 and 418?
38
Calculate the highest common factor of 1480 and 888.
296
What is the highest common factor of 15 and 9645?
15
What is the greatest common divisor of 72 and 296?
8
What is the highest common divisor of 108 and 16524?
108
What is the highest common factor of 845 and 35?
5
Calculate the greatest common divisor of 104 and 572.
52
Calculate the highest common divisor of 28 and 8.
4
Calculate the highest common divisor of 240 and 4544.
16
Calculate the highest common divisor of 805 and 140.
35
What is the greatest common divisor of 44557 and 17?
17
Calculate the greatest common factor of 111 and 5883.
111
What is the highest common divisor of 2772 and 6699?
231
Calculate the greatest common divisor of 46 and 1702.
46
What is the highest common divisor of 115 and 1840?
115
Calculate the greatest common divisor of 8 and 80.
8
What is the highest common factor of 1800 and 96?
24
What is the highest common divisor of 280 and 35560?
280
What is the highest common factor of 36 and 84?
12
What is the highest common factor of 221 and 17?
17
Calculate the highest common divisor of 126 and 3654.
126
Calculate the highest common factor of 40 and 65.
5
What is the highest common factor of 312 and 24?
24
Calculate the highest common divisor of 2812 and 111.
37
What is the greatest common divisor of 75 and 20?
5
Calculate the highest common factor of 15048 and 38.
38
What is the greatest common divisor of 20 and 230?
10
Calculate the greatest common divisor of 85 and 629.
17
What is the highest common factor of 5 and 7145?
5
What is the highest common divisor of 26164 and 62?
62
Calculate the greatest common divisor of 15 and 120.
15
What is the greatest common divisor of 12 and 8?
4
Calculate the greatest common factor of 104 and 11440.
104
What is the greatest common factor of 4514 and 518?
74
Calculate the greatest common factor of 1106 and 14.
14
Calculate the greatest common divisor of 50 and 2.
2
Calculate the highest common divisor of 510 and 476.
34
What is the highest common divisor of 86 and 3182?
86
What is the highest common divisor of 138 and 42?
6
Calculate the highest common factor of 36 and 30.
6
What is the highest common divisor of 620 and 270?
10
Calculate the highest common divisor of 49876 and 148.
148
Calculate the greatest common factor of 69 and 122613.
69
Calculate the highest common factor of 96 and 6944.
32
Calculate the greatest common factor of 253 and 368.
23
What is the highest common factor of 126 and 360?
18
Calculate the highest common divisor of 361 and 1.
1
What is the highest common factor of 1372 and 98?
98
What is the greatest common factor of 110 and 198?
22
What is the greatest common factor of 6 and 1122?
6
What is the highest common divisor of 29 and 116?
29
Calculate the highest common divisor of 13824 and 27.
27
What is the greatest common divisor of 5434 and 114?
38
Calculate the highest common divisor of 11 and 110.
11
What is the greatest common divisor of 11178 and 92?
46
Calculate the highest common divisor of 10336 and 612.
68
What is the highest common factor of 264 and 24?
24
Calculate the greatest common divisor of 143 and 715.
143
What is the highest common factor of 32 and 24?
8
Calculate the highest common factor of 21 and 1659.
21
Calculate the highest common factor of 2730 and 325.
65
Calculate the greatest common factor of 156 and 39.
39
Calculate the greatest common factor